[INFO] cloning repository https://github.com/2vg/win-shellcode-rs
[INFO] running `Command { std: "git" "-c" "credential.helper=" "-c" "credential.helper=/workspace/cargo-home/bin/git-credential-null" "clone" "--bare" "https://github.com/2vg/win-shellcode-rs" "/workspace/cache/git-repos/https%3A%2F%2Fgithub.com%2F2vg%2Fwin-shellcode-rs", kill_on_drop: false }`
[INFO] [stderr] Cloning into bare repository '/workspace/cache/git-repos/https%3A%2F%2Fgithub.com%2F2vg%2Fwin-shellcode-rs'...
[INFO] running `Command { std: "git" "rev-parse" "HEAD", kill_on_drop: false }`
[INFO] [stdout] beab896521e82ea93a1ddb08d65f69c47efdd124
[INFO] building 2vg/win-shellcode-rs against master#ff34b919075f35a1787659e9c448a34b06bab8de for issue-85264
[INFO] running `Command { std: "git" "clone" "/workspace/cache/git-repos/https%3A%2F%2Fgithub.com%2F2vg%2Fwin-shellcode-rs" "/workspace/builds/worker-3/source", kill_on_drop: false }`
[INFO] [stderr] Cloning into '/workspace/builds/worker-3/source'...
[INFO] [stderr] done.
[INFO] validating manifest of git repo https://github.com/2vg/win-shellcode-rs on toolchain ff34b919075f35a1787659e9c448a34b06bab8de
[INFO] running `Command { std: "/workspace/cargo-home/bin/cargo" "+ff34b919075f35a1787659e9c448a34b06bab8de" "metadata" "--manifest-path" "Cargo.toml" "--no-deps", kill_on_drop: false }`
[INFO] started tweaking git repo https://github.com/2vg/win-shellcode-rs
[INFO] finished tweaking git repo https://github.com/2vg/win-shellcode-rs
[INFO] tweaked toml for git repo https://github.com/2vg/win-shellcode-rs written to /workspace/builds/worker-3/source/Cargo.toml
[INFO] crate git repo https://github.com/2vg/win-shellcode-rs already has a lockfile, it will not be regenerated
[INFO] running `Command { std: "/workspace/cargo-home/bin/cargo" "+ff34b919075f35a1787659e9c448a34b06bab8de" "fetch" "--manifest-path" "Cargo.toml", kill_on_drop: false }`
[INFO] running `Command { std: "docker" "create" "-v" "/var/lib/crater-agent-workspace/builds/worker-3/target:/opt/rustwide/target:rw,Z" "-v" "/var/lib/crater-agent-workspace/builds/worker-3/source:/opt/rustwide/workdir:ro,Z" "-v" "/var/lib/crater-agent-workspace/cargo-home:/opt/rustwide/cargo-home:ro,Z" "-v" "/var/lib/crater-agent-workspace/rustup-home:/opt/rustwide/rustup-home:ro,Z" "-e" "SOURCE_DIR=/opt/rustwide/workdir" "-e" "CARGO_TARGET_DIR=/opt/rustwide/target" "-e" "CARGO_HOME=/opt/rustwide/cargo-home" "-e" "RUSTUP_HOME=/opt/rustwide/rustup-home" "-w" "/opt/rustwide/workdir" "-m" "1610612736" "--user" "0:0" "--network" "none" "ghcr.io/rust-lang/crates-build-env/linux@sha256:20528e8c29e4536546f0102ce88568b16ea7538393a33fcca951030f7af10457" "/opt/rustwide/cargo-home/bin/cargo" "+ff34b919075f35a1787659e9c448a34b06bab8de" "metadata" "--no-deps" "--format-version=1", kill_on_drop: false }`
[INFO] [stderr] WARNING: Your kernel does not support swap limit capabilities or the cgroup is not mounted. Memory limited without swap.
[INFO] [stdout] 2422fa295e5d5938b42ee35280329c2c14af1b5a322b5b1f26c38102b3d52cc1
[INFO] running `Command { std: "docker" "start" "-a" "2422fa295e5d5938b42ee35280329c2c14af1b5a322b5b1f26c38102b3d52cc1", kill_on_drop: false }`
[INFO] running `Command { std: "docker" "inspect" "2422fa295e5d5938b42ee35280329c2c14af1b5a322b5b1f26c38102b3d52cc1", kill_on_drop: false }`
[INFO] running `Command { std: "docker" "rm" "-f" "2422fa295e5d5938b42ee35280329c2c14af1b5a322b5b1f26c38102b3d52cc1", kill_on_drop: false }`
[INFO] [stdout] 2422fa295e5d5938b42ee35280329c2c14af1b5a322b5b1f26c38102b3d52cc1
[INFO] running `Command { std: "docker" "create" "-v" "/var/lib/crater-agent-workspace/builds/worker-3/target:/opt/rustwide/target:rw,Z" "-v" "/var/lib/crater-agent-workspace/builds/worker-3/source:/opt/rustwide/workdir:ro,Z" "-v" "/var/lib/crater-agent-workspace/cargo-home:/opt/rustwide/cargo-home:ro,Z" "-v" "/var/lib/crater-agent-workspace/rustup-home:/opt/rustwide/rustup-home:ro,Z" "-e" "SOURCE_DIR=/opt/rustwide/workdir" "-e" "CARGO_TARGET_DIR=/opt/rustwide/target" "-e" "CARGO_INCREMENTAL=0" "-e" "RUST_BACKTRACE=full" "-e" "RUSTFLAGS=--cap-lints=forbid" "-e" "CARGO_HOME=/opt/rustwide/cargo-home" "-e" "RUSTUP_HOME=/opt/rustwide/rustup-home" "-w" "/opt/rustwide/workdir" "-m" "1610612736" "--user" "0:0" "--network" "none" "ghcr.io/rust-lang/crates-build-env/linux@sha256:20528e8c29e4536546f0102ce88568b16ea7538393a33fcca951030f7af10457" "/opt/rustwide/cargo-home/bin/cargo" "+ff34b919075f35a1787659e9c448a34b06bab8de" "build" "--frozen" "--message-format=json", kill_on_drop: false }`
[INFO] [stdout] 8aace1c16a1d8e4f89b1c417709d1326daf6dee31f218b540fbcdcc90ae7a356
[INFO] [stderr] WARNING: Your kernel does not support swap limit capabilities or the cgroup is not mounted. Memory limited without swap.
[INFO] running `Command { std: "docker" "start" "-a" "8aace1c16a1d8e4f89b1c417709d1326daf6dee31f218b540fbcdcc90ae7a356", kill_on_drop: false }`
[INFO] [stderr]    Compiling proc-macro2 v1.0.26
[INFO] [stderr]    Compiling autocfg v1.0.1
[INFO] [stderr]    Compiling unicode-xid v0.2.2
[INFO] [stderr]    Compiling cfg-if v1.0.0
[INFO] [stderr]    Compiling cc v1.0.67
[INFO] [stderr]    Compiling winapi v0.3.9
[INFO] [stderr]    Compiling failure_derive v0.1.8
[INFO] [stderr]    Compiling bitflags v1.2.1
[INFO] [stderr]    Compiling object v0.24.0
[INFO] [stderr]    Compiling log v0.4.14
[INFO] [stderr]    Compiling lazy_static v1.4.0
[INFO] [stderr]    Compiling static_assertions v1.1.0
[INFO] [stderr]    Compiling widestring v0.4.3
[INFO] [stderr]    Compiling plain v0.2.3
[INFO] [stderr]    Compiling atty v0.2.14
[INFO] [stderr]    Compiling iced-x86 v1.11.2
[INFO] [stderr]    Compiling colored v2.0.0
[INFO] [stderr]    Compiling miniz_oxide v0.4.4
[INFO] [stderr]    Compiling num-traits v0.2.14
[INFO] [stderr]    Compiling quote v1.0.9
[INFO] [stderr]    Compiling backtrace v0.3.59
[INFO] [stderr]    Compiling syn v1.0.72
[INFO] [stderr]    Compiling wuhu v0.1.0 (https://github.com/2vg/blackcat-rs#c910eb3b)
[INFO] [stdout] error[E0433]: failed to resolve: could not find `shared` in `winapi`
[INFO] [stdout]  --> /opt/rustwide/cargo-home/git/checkouts/blackcat-rs-919141f6f4436d81/c910eb3/crate/wuhu/src/prelude.rs:3:5
[INFO] [stdout]   |
[INFO] [stdout] 3 |     shared::{
[INFO] [stdout]   |     ^^^^^^ could not find `shared` in `winapi`
[INFO] [stdout] 
[INFO] [stdout] 
[INFO] [stdout] error[E0433]: failed to resolve: could not find `um` in `winapi`
[INFO] [stdout]  --> /opt/rustwide/cargo-home/git/checkouts/blackcat-rs-919141f6f4436d81/c910eb3/crate/wuhu/src/prelude.rs:7:5
[INFO] [stdout]   |
[INFO] [stdout] 7 |     um::{
[INFO] [stdout]   |     ^^ could not find `um` in `winapi`
[INFO] [stdout] 
[INFO] [stdout] 
[INFO] [stdout] error[E0432]: unresolved import `winapi::ctypes`
[INFO] [stdout]  --> /opt/rustwide/cargo-home/git/checkouts/blackcat-rs-919141f6f4436d81/c910eb3/crate/wuhu/src/prelude.rs:2:5
[INFO] [stdout]   |
[INFO] [stdout] 2 |     ctypes::c_char,
[INFO] [stdout]   |     ^^^^^^ could not find `ctypes` in `winapi`
[INFO] [stdout] 
[INFO] [stdout] 
[INFO] [stdout] error[E0412]: cannot find type `LPVOID` in this scope
[INFO] [stdout]   --> /opt/rustwide/cargo-home/git/checkouts/blackcat-rs-919141f6f4436d81/c910eb3/crate/wuhu/src/io.rs:19:26
[INFO] [stdout]    |
[INFO] [stdout] 19 | pub fn copy<T: Num>(src: LPVOID, dst: LPVOID, size: usize) {
[INFO] [stdout]    |                          ^^^^^^ not found in this scope
[INFO] [stdout] 
[INFO] [stdout] 
[INFO] [stdout] error[E0412]: cannot find type `LPVOID` in this scope
[INFO] [stdout]   --> /opt/rustwide/cargo-home/git/checkouts/blackcat-rs-919141f6f4436d81/c910eb3/crate/wuhu/src/io.rs:19:39
[INFO] [stdout]    |
[INFO] [stdout] 19 | pub fn copy<T: Num>(src: LPVOID, dst: LPVOID, size: usize) {
[INFO] [stdout]    |                                       ^^^^^^ not found in this scope
[INFO] [stdout] 
[INFO] [stdout] 
[INFO] [stdout] error[E0412]: cannot find type `LPVOID` in this scope
[INFO] [stdout]   --> /opt/rustwide/cargo-home/git/checkouts/blackcat-rs-919141f6f4436d81/c910eb3/crate/wuhu/src/io.rs:24:10
[INFO] [stdout]    |
[INFO] [stdout] 24 |     src: LPVOID,
[INFO] [stdout]    |          ^^^^^^ not found in this scope
[INFO] [stdout] 
[INFO] [stdout] 
[INFO] [stdout] error[E0412]: cannot find type `LPVOID` in this scope
[INFO] [stdout]   --> /opt/rustwide/cargo-home/git/checkouts/blackcat-rs-919141f6f4436d81/c910eb3/crate/wuhu/src/io.rs:26:10
[INFO] [stdout]    |
[INFO] [stdout] 26 |     dst: LPVOID,
[INFO] [stdout]    |          ^^^^^^ not found in this scope
[INFO] [stdout] 
[INFO] [stdout] 
[INFO] [stdout] error[E0412]: cannot find type `HANDLE` in this scope
[INFO] [stdout]   --> /opt/rustwide/cargo-home/git/checkouts/blackcat-rs-919141f6f4436d81/c910eb3/crate/wuhu/src/io.rs:39:33
[INFO] [stdout]    |
[INFO] [stdout] 39 | pub fn read_process<T>(process: HANDLE, addr: LPVOID, size: usize) -> T {
[INFO] [stdout]    |                                 ^^^^^^ not found in this scope
[INFO] [stdout] 
[INFO] [stdout] 
[INFO] [stdout] error[E0412]: cannot find type `LPVOID` in this scope
[INFO] [stdout]   --> /opt/rustwide/cargo-home/git/checkouts/blackcat-rs-919141f6f4436d81/c910eb3/crate/wuhu/src/io.rs:39:47
[INFO] [stdout]    |
[INFO] [stdout] 39 | pub fn read_process<T>(process: HANDLE, addr: LPVOID, size: usize) -> T {
[INFO] [stdout]    |                                               ^^^^^^ not found in this scope
[INFO] [stdout] 
[INFO] [stdout] 
[INFO] [stdout] error[E0412]: cannot find type `HANDLE` in this scope
[INFO] [stdout]   --> /opt/rustwide/cargo-home/git/checkouts/blackcat-rs-919141f6f4436d81/c910eb3/crate/wuhu/src/io.rs:43:31
[INFO] [stdout]    |
[INFO] [stdout] 43 | pub fn write_process(process: HANDLE, addr: LPVOID, src: LPVOID, size: usize) {
[INFO] [stdout]    |                               ^^^^^^ not found in this scope
[INFO] [stdout] 
[INFO] [stdout] 
[INFO] [stdout] error[E0412]: cannot find type `LPVOID` in this scope
[INFO] [stdout]   --> /opt/rustwide/cargo-home/git/checkouts/blackcat-rs-919141f6f4436d81/c910eb3/crate/wuhu/src/io.rs:43:45
[INFO] [stdout]    |
[INFO] [stdout] 43 | pub fn write_process(process: HANDLE, addr: LPVOID, src: LPVOID, size: usize) {
[INFO] [stdout]    |                                             ^^^^^^ not found in this scope
[INFO] [stdout] 
[INFO] [stdout] 
[INFO] [stdout] error[E0412]: cannot find type `LPVOID` in this scope
[INFO] [stdout]   --> /opt/rustwide/cargo-home/git/checkouts/blackcat-rs-919141f6f4436d81/c910eb3/crate/wuhu/src/io.rs:43:58
[INFO] [stdout]    |
[INFO] [stdout] 43 | pub fn write_process(process: HANDLE, addr: LPVOID, src: LPVOID, size: usize) {
[INFO] [stdout]    |                                                          ^^^^^^ not found in this scope
[INFO] [stdout] 
[INFO] [stdout] 
[INFO] [stdout] error[E0412]: cannot find type `HANDLE` in this scope
[INFO] [stdout]   --> /opt/rustwide/cargo-home/git/checkouts/blackcat-rs-919141f6f4436d81/c910eb3/crate/wuhu/src/io.rs:47:45
[INFO] [stdout]    |
[INFO] [stdout] 47 | pub fn read_process_with_offset<T>(process: HANDLE, addr: LPVOID, offset: usize, size: usize) -> T {
[INFO] [stdout]    |                                             ^^^^^^ not found in this scope
[INFO] [stdout] 
[INFO] [stdout] 
[INFO] [stdout] error[E0412]: cannot find type `LPVOID` in this scope
[INFO] [stdout]   --> /opt/rustwide/cargo-home/git/checkouts/blackcat-rs-919141f6f4436d81/c910eb3/crate/wuhu/src/io.rs:47:59
[INFO] [stdout]    |
[INFO] [stdout] 47 | pub fn read_process_with_offset<T>(process: HANDLE, addr: LPVOID, offset: usize, size: usize) -> T {
[INFO] [stdout]    |                                                           ^^^^^^ not found in this scope
[INFO] [stdout] 
[INFO] [stdout] 
[INFO] [stdout] error[E0425]: cannot find function, tuple struct or tuple variant `ReadProcessMemory` in this scope
[INFO] [stdout]   --> /opt/rustwide/cargo-home/git/checkouts/blackcat-rs-919141f6f4436d81/c910eb3/crate/wuhu/src/io.rs:50:9
[INFO] [stdout]    |
[INFO] [stdout] 50 |         ReadProcessMemory(
[INFO] [stdout]    |         ^^^^^^^^^^^^^^^^^ not found in this scope
[INFO] [stdout] 
[INFO] [stdout] 
[INFO] [stdout] error[E0412]: cannot find type `LPVOID` in this scope
[INFO] [stdout]   --> /opt/rustwide/cargo-home/git/checkouts/blackcat-rs-919141f6f4436d81/c910eb3/crate/wuhu/src/io.rs:53:40
[INFO] [stdout]    |
[INFO] [stdout] 53 |             &mut buffer as *const _ as LPVOID,
[INFO] [stdout]    |                                        ^^^^^^ not found in this scope
[INFO] [stdout] 
[INFO] [stdout] 
[INFO] [stdout] error[E0412]: cannot find type `HANDLE` in this scope
[INFO] [stdout]   --> /opt/rustwide/cargo-home/git/checkouts/blackcat-rs-919141f6f4436d81/c910eb3/crate/wuhu/src/io.rs:62:14
[INFO] [stdout]    |
[INFO] [stdout] 62 |     process: HANDLE,
[INFO] [stdout]    |              ^^^^^^ not found in this scope
[INFO] [stdout] 
[INFO] [stdout] 
[INFO] [stdout] error[E0412]: cannot find type `LPVOID` in this scope
[INFO] [stdout]   --> /opt/rustwide/cargo-home/git/checkouts/blackcat-rs-919141f6f4436d81/c910eb3/crate/wuhu/src/io.rs:63:11
[INFO] [stdout]    |
[INFO] [stdout] 63 |     addr: LPVOID,
[INFO] [stdout]    |           ^^^^^^ not found in this scope
[INFO] [stdout] 
[INFO] [stdout] 
[INFO] [stdout] error[E0412]: cannot find type `LPVOID` in this scope
[INFO] [stdout]   --> /opt/rustwide/cargo-home/git/checkouts/blackcat-rs-919141f6f4436d81/c910eb3/crate/wuhu/src/io.rs:65:10
[INFO] [stdout]    |
[INFO] [stdout] 65 |     src: LPVOID,
[INFO] [stdout]    |          ^^^^^^ not found in this scope
[INFO] [stdout] 
[INFO] [stdout] 
[INFO] [stdout] error[E0425]: cannot find function, tuple struct or tuple variant `WriteProcessMemory` in this scope
[INFO] [stdout]   --> /opt/rustwide/cargo-home/git/checkouts/blackcat-rs-919141f6f4436d81/c910eb3/crate/wuhu/src/io.rs:70:9
[INFO] [stdout]    |
[INFO] [stdout] 70 |         WriteProcessMemory(
[INFO] [stdout]    |         ^^^^^^^^^^^^^^^^^^ not found in this scope
[INFO] [stdout] 
[INFO] [stdout] 
[INFO] [stdout] error[E0412]: cannot find type `LPVOID` in this scope
[INFO] [stdout]  --> /opt/rustwide/cargo-home/git/checkouts/blackcat-rs-919141f6f4436d81/c910eb3/crate/wuhu/src/mem.rs:3:30
[INFO] [stdout]   |
[INFO] [stdout] 3 | pub fn alloc(size: usize) -> LPVOID {
[INFO] [stdout]   |                              ^^^^^^ not found in this scope
[INFO] [stdout] 
[INFO] [stdout] 
[INFO] [stdout] error[E0425]: cannot find value `NULL` in this scope
[INFO] [stdout]  --> /opt/rustwide/cargo-home/git/checkouts/blackcat-rs-919141f6f4436d81/c910eb3/crate/wuhu/src/mem.rs:4:12
[INFO] [stdout]   |
[INFO] [stdout] 4 |     _alloc(NULL, size)
[INFO] [stdout]   |            ^^^^ not found in this scope
[INFO] [stdout] 
[INFO] [stdout] 
[INFO] [stdout] error[E0412]: cannot find type `LPVOID` in this scope
[INFO] [stdout]  --> /opt/rustwide/cargo-home/git/checkouts/blackcat-rs-919141f6f4436d81/c910eb3/crate/wuhu/src/mem.rs:7:30
[INFO] [stdout]   |
[INFO] [stdout] 7 | pub fn alloc_with_addr(addr: LPVOID, size: usize) -> LPVOID {
[INFO] [stdout]   |                              ^^^^^^ not found in this scope
[INFO] [stdout] 
[INFO] [stdout] 
[INFO] [stdout] error[E0412]: cannot find type `LPVOID` in this scope
[INFO] [stdout]  --> /opt/rustwide/cargo-home/git/checkouts/blackcat-rs-919141f6f4436d81/c910eb3/crate/wuhu/src/mem.rs:7:54
[INFO] [stdout]   |
[INFO] [stdout] 7 | pub fn alloc_with_addr(addr: LPVOID, size: usize) -> LPVOID {
[INFO] [stdout]   |                                                      ^^^^^^ not found in this scope
[INFO] [stdout] 
[INFO] [stdout] 
[INFO] [stdout] error[E0412]: cannot find type `HANDLE` in this scope
[INFO] [stdout]   --> /opt/rustwide/cargo-home/git/checkouts/blackcat-rs-919141f6f4436d81/c910eb3/crate/wuhu/src/mem.rs:11:31
[INFO] [stdout]    |
[INFO] [stdout] 11 | pub fn alloc_process(process: HANDLE, size: usize) -> LPVOID {
[INFO] [stdout]    |                               ^^^^^^ not found in this scope
[INFO] [stdout] 
[INFO] [stdout] 
[INFO] [stdout] error[E0412]: cannot find type `LPVOID` in this scope
[INFO] [stdout]   --> /opt/rustwide/cargo-home/git/checkouts/blackcat-rs-919141f6f4436d81/c910eb3/crate/wuhu/src/mem.rs:11:55
[INFO] [stdout]    |
[INFO] [stdout] 11 | pub fn alloc_process(process: HANDLE, size: usize) -> LPVOID {
[INFO] [stdout]    |                                                       ^^^^^^ not found in this scope
[INFO] [stdout] 
[INFO] [stdout] 
[INFO] [stdout] error[E0425]: cannot find value `NULL` in this scope
[INFO] [stdout]   --> /opt/rustwide/cargo-home/git/checkouts/blackcat-rs-919141f6f4436d81/c910eb3/crate/wuhu/src/mem.rs:12:29
[INFO] [stdout]    |
[INFO] [stdout] 12 |     _alloc_process(process, NULL, size)
[INFO] [stdout]    |                             ^^^^ not found in this scope
[INFO] [stdout] 
[INFO] [stdout] 
[INFO] [stdout] error[E0412]: cannot find type `HANDLE` in this scope
[INFO] [stdout]   --> /opt/rustwide/cargo-home/git/checkouts/blackcat-rs-919141f6f4436d81/c910eb3/crate/wuhu/src/mem.rs:15:41
[INFO] [stdout]    |
[INFO] [stdout] 15 | pub fn alloc_process_with_addr(process: HANDLE, addr: LPVOID, size: usize) -> LPVOID {
[INFO] [stdout]    |                                         ^^^^^^ not found in this scope
[INFO] [stdout] 
[INFO] [stdout] 
[INFO] [stdout] error[E0412]: cannot find type `LPVOID` in this scope
[INFO] [stdout]   --> /opt/rustwide/cargo-home/git/checkouts/blackcat-rs-919141f6f4436d81/c910eb3/crate/wuhu/src/mem.rs:15:55
[INFO] [stdout]    |
[INFO] [stdout] 15 | pub fn alloc_process_with_addr(process: HANDLE, addr: LPVOID, size: usize) -> LPVOID {
[INFO] [stdout]    |                                                       ^^^^^^ not found in this scope
[INFO] [stdout] 
[INFO] [stdout] 
[INFO] [stdout] error[E0412]: cannot find type `LPVOID` in this scope
[INFO] [stdout]   --> /opt/rustwide/cargo-home/git/checkouts/blackcat-rs-919141f6f4436d81/c910eb3/crate/wuhu/src/mem.rs:15:79
[INFO] [stdout]    |
[INFO] [stdout] 15 | pub fn alloc_process_with_addr(process: HANDLE, addr: LPVOID, size: usize) -> LPVOID {
[INFO] [stdout]    |                                                                               ^^^^^^ not found in this scope
[INFO] [stdout] 
[INFO] [stdout] 
[INFO] [stdout] error[E0412]: cannot find type `LPVOID` in this scope
[INFO] [stdout]   --> /opt/rustwide/cargo-home/git/checkouts/blackcat-rs-919141f6f4436d81/c910eb3/crate/wuhu/src/mem.rs:22:17
[INFO] [stdout]    |
[INFO] [stdout] 22 | fn _alloc(addr: LPVOID, size: usize) -> LPVOID {
[INFO] [stdout]    |                 ^^^^^^ not found in this scope
[INFO] [stdout] 
[INFO] [stdout] 
[INFO] [stdout] error[E0412]: cannot find type `LPVOID` in this scope
[INFO] [stdout]   --> /opt/rustwide/cargo-home/git/checkouts/blackcat-rs-919141f6f4436d81/c910eb3/crate/wuhu/src/mem.rs:22:41
[INFO] [stdout]    |
[INFO] [stdout] 22 | fn _alloc(addr: LPVOID, size: usize) -> LPVOID {
[INFO] [stdout]    |                                         ^^^^^^ not found in this scope
[INFO] [stdout] 
[INFO] [stdout] 
[INFO] [stdout] error[E0425]: cannot find function, tuple struct or tuple variant `VirtualAlloc` in this scope
[INFO] [stdout]   --> /opt/rustwide/cargo-home/git/checkouts/blackcat-rs-919141f6f4436d81/c910eb3/crate/wuhu/src/mem.rs:23:14
[INFO] [stdout]    |
[INFO] [stdout] 23 |     unsafe { VirtualAlloc(addr, size, MEM_COMMIT | MEM_RESERVE, PAGE_EXECUTE_READWRITE) }
[INFO] [stdout]    |              ^^^^^^^^^^^^ not found in this scope
[INFO] [stdout] 
[INFO] [stdout] 
[INFO] [stdout] error[E0425]: cannot find value `MEM_COMMIT` in this scope
[INFO] [stdout]   --> /opt/rustwide/cargo-home/git/checkouts/blackcat-rs-919141f6f4436d81/c910eb3/crate/wuhu/src/mem.rs:23:39
[INFO] [stdout]    |
[INFO] [stdout] 23 |     unsafe { VirtualAlloc(addr, size, MEM_COMMIT | MEM_RESERVE, PAGE_EXECUTE_READWRITE) }
[INFO] [stdout]    |                                       ^^^^^^^^^^ not found in this scope
[INFO] [stdout] 
[INFO] [stdout] 
[INFO] [stdout] error[E0425]: cannot find value `MEM_RESERVE` in this scope
[INFO] [stdout]   --> /opt/rustwide/cargo-home/git/checkouts/blackcat-rs-919141f6f4436d81/c910eb3/crate/wuhu/src/mem.rs:23:52
[INFO] [stdout]    |
[INFO] [stdout] 23 |     unsafe { VirtualAlloc(addr, size, MEM_COMMIT | MEM_RESERVE, PAGE_EXECUTE_READWRITE) }
[INFO] [stdout]    |                                                    ^^^^^^^^^^^ not found in this scope
[INFO] [stdout] 
[INFO] [stdout] 
[INFO] [stdout] error[E0425]: cannot find value `PAGE_EXECUTE_READWRITE` in this scope
[INFO] [stdout]   --> /opt/rustwide/cargo-home/git/checkouts/blackcat-rs-919141f6f4436d81/c910eb3/crate/wuhu/src/mem.rs:23:65
[INFO] [stdout]    |
[INFO] [stdout] 23 |     unsafe { VirtualAlloc(addr, size, MEM_COMMIT | MEM_RESERVE, PAGE_EXECUTE_READWRITE) }
[INFO] [stdout]    |                                                                 ^^^^^^^^^^^^^^^^^^^^^^ not found in this scope
[INFO] [stdout] 
[INFO] [stdout] 
[INFO] [stdout] error[E0412]: cannot find type `HANDLE` in this scope
[INFO] [stdout]   --> /opt/rustwide/cargo-home/git/checkouts/blackcat-rs-919141f6f4436d81/c910eb3/crate/wuhu/src/mem.rs:26:28
[INFO] [stdout]    |
[INFO] [stdout] 26 | fn _alloc_process(process: HANDLE, addr: LPVOID, size: usize) -> LPVOID {
[INFO] [stdout]    |                            ^^^^^^ not found in this scope
[INFO] [stdout] 
[INFO] [stdout] 
[INFO] [stdout] error[E0412]: cannot find type `LPVOID` in this scope
[INFO] [stdout]   --> /opt/rustwide/cargo-home/git/checkouts/blackcat-rs-919141f6f4436d81/c910eb3/crate/wuhu/src/mem.rs:26:42
[INFO] [stdout]    |
[INFO] [stdout] 26 | fn _alloc_process(process: HANDLE, addr: LPVOID, size: usize) -> LPVOID {
[INFO] [stdout]    |                                          ^^^^^^ not found in this scope
[INFO] [stdout] 
[INFO] [stdout] 
[INFO] [stdout] error[E0412]: cannot find type `LPVOID` in this scope
[INFO] [stdout]   --> /opt/rustwide/cargo-home/git/checkouts/blackcat-rs-919141f6f4436d81/c910eb3/crate/wuhu/src/mem.rs:26:66
[INFO] [stdout]    |
[INFO] [stdout] 26 | fn _alloc_process(process: HANDLE, addr: LPVOID, size: usize) -> LPVOID {
[INFO] [stdout]    |                                                                  ^^^^^^ not found in this scope
[INFO] [stdout] 
[INFO] [stdout] 
[INFO] [stdout] error[E0425]: cannot find function, tuple struct or tuple variant `VirtualAllocEx` in this scope
[INFO] [stdout]   --> /opt/rustwide/cargo-home/git/checkouts/blackcat-rs-919141f6f4436d81/c910eb3/crate/wuhu/src/mem.rs:28:9
[INFO] [stdout]    |
[INFO] [stdout] 28 |         VirtualAllocEx(
[INFO] [stdout]    |         ^^^^^^^^^^^^^^ not found in this scope
[INFO] [stdout] 
[INFO] [stdout] 
[INFO] [stdout] error[E0425]: cannot find value `MEM_COMMIT` in this scope
[INFO] [stdout]   --> /opt/rustwide/cargo-home/git/checkouts/blackcat-rs-919141f6f4436d81/c910eb3/crate/wuhu/src/mem.rs:32:13
[INFO] [stdout]    |
[INFO] [stdout] 32 |             MEM_COMMIT | MEM_RESERVE,
[INFO] [stdout]    |             ^^^^^^^^^^ not found in this scope
[INFO] [stdout] 
[INFO] [stdout] 
[INFO] [stdout] error[E0425]: cannot find value `MEM_RESERVE` in this scope
[INFO] [stdout]   --> /opt/rustwide/cargo-home/git/checkouts/blackcat-rs-919141f6f4436d81/c910eb3/crate/wuhu/src/mem.rs:32:26
[INFO] [stdout]    |
[INFO] [stdout] 32 |             MEM_COMMIT | MEM_RESERVE,
[INFO] [stdout]    |                          ^^^^^^^^^^^ not found in this scope
[INFO] [stdout] 
[INFO] [stdout] 
[INFO] [stdout] error[E0425]: cannot find value `PAGE_EXECUTE_READWRITE` in this scope
[INFO] [stdout]   --> /opt/rustwide/cargo-home/git/checkouts/blackcat-rs-919141f6f4436d81/c910eb3/crate/wuhu/src/mem.rs:33:13
[INFO] [stdout]    |
[INFO] [stdout] 33 |             PAGE_EXECUTE_READWRITE,
[INFO] [stdout]    |             ^^^^^^^^^^^^^^^^^^^^^^ not found in this scope
[INFO] [stdout] 
[INFO] [stdout] 
[INFO] [stdout] error[E0308]: mismatched types
[INFO] [stdout]   --> /opt/rustwide/cargo-home/git/checkouts/blackcat-rs-919141f6f4436d81/c910eb3/crate/wuhu/src/io.rs:32:29
[INFO] [stdout]    |
[INFO] [stdout] 23 | pub fn copy_with_offset<T: Num>(
[INFO] [stdout]    |                         - this type parameter
[INFO] [stdout] ...
[INFO] [stdout] 32 |             (src as usize + src_offset) as *mut T,
[INFO] [stdout]    |                             ^^^^^^^^^^ expected type parameter `T`, found `usize`
[INFO] [stdout]    |
[INFO] [stdout]    = note: expected type parameter `T`
[INFO] [stdout]                         found type `usize`
[INFO] [stdout] 
[INFO] [stdout] 
[INFO] [stdout] error[E0308]: mismatched types
[INFO] [stdout]   --> /opt/rustwide/cargo-home/git/checkouts/blackcat-rs-919141f6f4436d81/c910eb3/crate/wuhu/src/io.rs:33:29
[INFO] [stdout]    |
[INFO] [stdout] 23 | pub fn copy_with_offset<T: Num>(
[INFO] [stdout]    |                         - this type parameter
[INFO] [stdout] ...
[INFO] [stdout] 33 |             (dst as usize + dst_offset) as *mut T,
[INFO] [stdout]    |                             ^^^^^^^^^^ expected type parameter `T`, found `usize`
[INFO] [stdout]    |
[INFO] [stdout]    = note: expected type parameter `T`
[INFO] [stdout]                         found type `usize`
[INFO] [stdout] 
[INFO] [stdout] 
[INFO] [stdout] error: aborting due to 45 previous errors
[INFO] [stdout] 
[INFO] [stdout] 
[INFO] [stdout] Some errors have detailed explanations: E0308, E0412, E0425, E0432, E0433.
[INFO] [stdout] 
[INFO] [stdout] For more information about an error, try `rustc --explain E0308`.
[INFO] [stdout] 
[INFO] [stderr] error: could not compile `wuhu`
[INFO] [stderr] 
[INFO] [stderr] To learn more, run the command again with --verbose.
[INFO] [stderr] warning: build failed, waiting for other jobs to finish...
[INFO] [stderr] error: build failed
[INFO] running `Command { std: "docker" "inspect" "8aace1c16a1d8e4f89b1c417709d1326daf6dee31f218b540fbcdcc90ae7a356", kill_on_drop: false }`
[INFO] running `Command { std: "docker" "rm" "-f" "8aace1c16a1d8e4f89b1c417709d1326daf6dee31f218b540fbcdcc90ae7a356", kill_on_drop: false }`
[INFO] [stdout] 8aace1c16a1d8e4f89b1c417709d1326daf6dee31f218b540fbcdcc90ae7a356
